{"id":157720,"date":"2026-03-24T11:43:39","date_gmt":"2026-03-24T11:43:39","guid":{"rendered":"https:\/\/gevelridder.nl\/product\/elevall-180\/"},"modified":"2026-09-01T10:25:41","modified_gmt":"2026-09-01T10:25:41","slug":"elevall-180","status":"publish","type":"product","link":"https:\/\/gevelridder.nl\/de\/produkt\/elevall-180\/","title":{"rendered":"Elevall 180 ProControl"},"content":{"rendered":"<h2>Elevall 180 ProControl<\/h2>\n<p style=\"text-align: left;\">Immer h\u00e4ufiger werden Geb\u00e4ude h\u00f6her und zugleich kompakter geplant. Genau daf\u00fcr eignet sich der Elevall 180 Basis mit Ballastrahmen ideal.<\/p>\n<p><strong data-start=\"47\" data-end=\"71\"><span style=\"color: #5bbc3a;\">\u2714<\/span>\u00a0Mit Ballastrahmen.<\/strong><\/p>\n<div class=\"text-base my-auto mx-auto [--thread-content-margin:var(--thread-content-margin-xs,calc(var(--spacing)*4))] @w-sm\/main:[--thread-content-margin:var(--thread-content-margin-sm,calc(var(--spacing)*6))] @w-lg\/main:[--thread-content-margin:var(--thread-content-margin-lg,calc(var(--spacing)*16))] px-(--thread-content-margin)\">\n<div class=\"[--thread-content-max-width:40rem] @w-lg\/main:[--thread-content-max-width:48rem] mx-auto max-w-(--thread-content-max-width) flex-1 group\/turn-messages focus-visible:outline-hidden relative flex w-full min-w-0 flex-col agent-turn\" data-conversation-screenshot-content=\"\">\n<div class=\"flex max-w-full flex-col gap-4 grow\">\n<div class=\"min-h-8 text-message relative flex w-full flex-col items-end gap-2 text-start break-words whitespace-normal outline-none keyboard-focused:focus-ring [.text-message+&amp;]:mt-1\" dir=\"auto\" data-message-author-role=\"assistant\" data-message-id=\"fa997ba0-4489-4c0b-b6a7-e56833b5dab9\" data-message-model-slug=\"gpt-5-6-thinking\">\n<div class=\"flex w-full flex-col gap-1 empty:hidden\">\n<div class=\"fbskMG_root markdown prose dark:prose-invert wrap-break-word w-full light markdown-new-styling\">\n<p data-start=\"73\" data-end=\"128\"><strong data-start=\"73\" data-end=\"128\"><span style=\"color: #5bbc3a;\">\u2714<\/span>\u00a0Funkfernbedienung sowie kabelgebundene Bedienung.<\/strong><\/p>\n<p data-start=\"130\" data-end=\"183\"><strong data-start=\"130\" data-end=\"183\"><span style=\"color: #5bbc3a;\">\u2714<\/span>\u00a0Frequenzumrichter f\u00fcr besonders pr\u00e4zises Heben.<\/strong><\/p>\n<p data-start=\"185\" data-end=\"203\"><strong data-start=\"185\" data-end=\"203\"><span style=\"color: #5bbc3a;\">\u2714<\/span>\u00a0Seilf\u00fchrung.<\/strong><\/p>\n<p data-start=\"205\" data-end=\"261\"><strong data-start=\"205\" data-end=\"261\"><span style=\"color: #5bbc3a;\">\u2714<\/span>\u00a0Als Ballast wird das 3-Fache der Hublast ben\u00f6tigt.<\/strong><\/p>\n<p data-start=\"263\" data-end=\"333\"><strong data-start=\"263\" data-end=\"333\"><span style=\"color: #5bbc3a;\">\u2714<\/span>\u00a0Alternativ zum Ballast kann das Ger\u00e4t mit Ankern fixiert werden.<\/strong><\/p>\n<p data-start=\"335\" data-end=\"372\"><strong data-start=\"335\" data-end=\"372\"><span style=\"color: #5bbc3a;\">\u2714<\/span>\u00a0Schnell und einfach aufzubauen.<\/strong><\/p>\n<p data-start=\"374\" data-end=\"404\"><strong data-start=\"374\" data-end=\"404\"><span style=\"color: #5bbc3a;\">\u2714<\/span>\u00a0Bis zu 60 Meter Hubh\u00f6he.<\/strong><\/p>\n<p data-start=\"406\" data-end=\"423\"><strong data-start=\"406\" data-end=\"423\"><span style=\"color: #5bbc3a;\">\u2714<\/span>\u00a0WLL 180 kg.<\/strong><\/p>\n<p data-start=\"425\" data-end=\"471\"><strong data-start=\"425\" data-end=\"471\"><span style=\"color: #5bbc3a;\">\u2714<\/span>\u00a0Maximale Auslegerl\u00e4nge ab S\u00e4ule: 181 cm.<\/strong><\/p>\n<p data-start=\"473\" data-end=\"533\"><strong data-start=\"473\" data-end=\"533\"><span style=\"color: #5bbc3a;\">\u2714<\/span>\u00a0Maximale Ausladung \u00fcber die Balustrade hinaus: 126 cm.<\/strong><\/p>\n<p data-start=\"535\" data-end=\"576\"><strong data-start=\"535\" data-end=\"576\"><span style=\"color: #5bbc3a;\">\u2714<\/span>\u2714 In unserem Showroom zu besichtigen.<\/strong><\/p>\n<p data-start=\"578\" data-end=\"601\"><strong data-start=\"578\" data-end=\"601\"><span style=\"color: #5bbc3a;\">\u2714<\/span>\u00a0Sofort lieferbar.<\/strong><\/p>\n<p data-start=\"603\" data-end=\"660\"><strong data-start=\"603\" data-end=\"660\"><span style=\"color: #5bbc3a;\">\u2714 <\/span>CE-konform, KIWA ISO 9001, T\u00dcV S\u00dcD und AWS gepr\u00fcft.<\/strong><\/p>\n<p data-start=\"662\" data-end=\"710\"><strong data-start=\"662\" data-end=\"710\">\u2660 Basis-Set mit Ballastrahmen, ohne Ballast!<\/strong><\/p>\n<p data-start=\"712\" data-end=\"769\"><strong data-start=\"712\" data-end=\"769\">\u2660 Zus\u00e4tzlich erforderlich: 34 Ballastplatten \u00e0 16 kg.<\/strong><\/p>\n<p data-start=\"771\" data-end=\"839\"><strong data-start=\"771\" data-end=\"839\">\u2660 Alternative Ballastierung: 16 Betonf\u00fc\u00dfe (Bauzaunf\u00fc\u00dfe) \u00e0 36 kg.<\/strong><\/p>\n<p data-start=\"841\" data-end=\"895\" data-is-last-node=\"\" data-is-only-node=\"\"><strong data-start=\"841\" data-end=\"895\" data-is-last-node=\"\">\u2660 Alternative zum Ballast: Verankerung mit Ankern.<\/strong><\/p>\n<\/div>\n<\/div>\n<\/div>\n<\/div>\n<div class=\"z-0 flex min-h-[46px] justify-start\"><\/div>\n<\/div>\n<\/div>\n<p style=\"text-align: left;\">\nBei Hochhausprojekten geht es w\u00e4hrend der Bauphase h\u00e4ufig vor allem um effizientes Montieren und Stapeln. Doch was passiert sp\u00e4ter, wenn ein Fenster, eine Sonnenschutzanlage, ein Balustradenglas oder ein anderes gro\u00dfes Bauelement ausgetauscht werden muss? Daf\u00fcr jedes Mal einen teuren Mobilkran zu mieten, ist oft weder wirtschaftlich noch praktisch.<br \/>\nHinzu kommt, dass f\u00fcr den Einsatz eines gro\u00dfen Krans h\u00e4ufig ganze Stra\u00dfen gesperrt werden m\u00fcssen. Das verursacht zus\u00e4tzliche Kosten, f\u00fchrt zu Verkehrsbehinderungen und ist durch den hohen Kraftstoffverbrauch und die Emissionen auch aus \u00f6kologischer Sicht wenig attraktiv. Gerade in innerst\u00e4dtischen Bereichen sind zudem oft aufwendige und kostspielige Genehmigungen erforderlich.<br \/>\nDas Elevall Modell 2025 bietet hierf\u00fcr eine kompakte und flexible L\u00f6sung. Neben einer kabellosen Funkfernbedienung verf\u00fcgt die Maschine zus\u00e4tzlich \u00fcber eine kabelgebundene Fernbedienung. Au\u00dferdem ist der Elevall mit einem Frequenzumrichter ausgestattet, der besonders pr\u00e4zise und kontrollierte Bewegungen erm\u00f6glicht \u2013 ideal f\u00fcr die exakte Positionierung von Glas und anderen empfindlichen Bauelementen.<br \/>\nAls offizieller Elevall-H\u00e4ndler f\u00fcr die Benelux-L\u00e4nder und Germany bietet Gevelridder diese einzigartige und vielseitige Kranl\u00f6sung an.<\/p>\n<p>Bis zu einer Hubh\u00f6he von 10 Metern kennen wir bereits die L\u00f6sungen von Gevelridder. Jetzt bietet Gevelridder auch eine einfache und sichere L\u00f6sung, um Lasten bis 180 kg auf eine H\u00f6he von bis zu 60 Metern zu heben.<br \/>\nClever gel\u00f6st von Gevelridder.<br \/>\nGevelridder ist der offizielle Elevall-H\u00e4ndler f\u00fcr die Benelux-L\u00e4nder.<br \/>\nSie m\u00f6chten noch h\u00f6her oder schwerere Lasten heben? Dann bieten wir Ihnen den Elevall 400 an.<\/p>\n","protected":false},"excerpt":{"rendered":"<p class=\"PDq2pG_selectionAnchorContainer\" data-start=\"0\" data-end=\"357\">Mit dem <strong data-start=\"8\" data-end=\"23\">Elevall 180<\/strong> k\u00f6nnen Sie Lasten von bis zu <strong data-start=\"53\" data-end=\"107\">180 kg auf eine H\u00f6he von beeindruckenden 60 Metern<\/strong> heben, ohne daf\u00fcr einen teuren Mobilkran einsetzen zu m\u00fcssen. Der Kran kann einfach und sicher <strong data-start=\"203\" data-end=\"245\">zwischen zwei Geschossdecken verspannt<\/strong> werden und eignet sich dadurch ideal f\u00fcr Arbeiten an hohen Geb\u00e4uden sowie an Orten mit begrenztem Platzangebot.<\/p>\n<p data-start=\"359\" data-end=\"475\" data-is-last-node=\"\" data-is-only-node=\"\">Perfekt f\u00fcr die Montage und den Austausch von <strong data-start=\"405\" data-end=\"474\">Fenstern, Glas, Sonnenschutzanlagen und anderen Fassadenelementen<\/strong>.<\/p>\n","protected":false},"featured_media":132468,"template":"","meta":{"_acf_changed":false,"_seopress_titles_title":"","_seopress_titles_desc":"","_seopress_robots_index":"","_seopress_robots_follow":"","_seopress_robots_imageindex":"","_seopress_robots_snippet":"","_seopress_robots_primary_cat":"none","_seopress_robots_breadcrumbs":"","_seopress_robots_freeze_modified_date":"","_seopress_robots_custom_modified_date":"","_seopress_robots_canonical":"","_seopress_social_fb_title":"","_seopress_social_fb_desc":"","_seopress_social_fb_img":"","_seopress_social_fb_img_attachment_id":0,"_seopress_social_fb_img_width":0,"_seopress_social_fb_img_height":0,"_seopress_social_twitter_title":"","_seopress_social_twitter_desc":"","_seopress_social_twitter_img":"","_seopress_social_twitter_img_attachment_id":0,"_seopress_social_twitter_img_width":0,"_seopress_social_twitter_img_height":0,"_seopress_redirections_value":"","_seopress_redirections_enabled":"","_seopress_redirections_enabled_regex":"","_seopress_redirections_logged_status":"both","_seopress_redirections_param":"","_seopress_redirections_type":301,"_seopress_analysis_target_kw":"","_seopress_news_disabled":"","_seopress_video_disabled":"","_seopress_video":[],"_seopress_pro_schemas_manual":[],"_seopress_pro_rich_snippets_disable_all":"","_seopress_pro_rich_snippets_disable":[],"_seopress_pro_schemas":[]},"product_brand":[],"product_cat":[932,920],"product_tag":[973,947,1196,998,1528,1633],"class_list":["post-157720","product","type-product","status-publish","has-post-thumbnail","product_cat-glasaufzuege","product_cat-mini-kran","product_tag-180-kg-de","product_tag-60-meter-de","product_tag-elevall-de","product_tag-giebel-ritter","product_tag-hebeglas-neu","product_tag-montagewagen","product_shipping_class-europalette","first","instock","taxable","shipping-taxable","purchasable","product-type-simple"],"acf":[],"_links":{"self":[{"href":"https:\/\/gevelridder.nl\/de\/wp-json\/wp\/v2\/product\/157720","targetHints":{"allow":["GET"]}}],"collection":[{"href":"https:\/\/gevelridder.nl\/de\/wp-json\/wp\/v2\/product"}],"about":[{"href":"https:\/\/gevelridder.nl\/de\/wp-json\/wp\/v2\/types\/product"}],"wp:featuredmedia":[{"embeddable":true,"href":"https:\/\/gevelridder.nl\/de\/wp-json\/wp\/v2\/media\/132468"}],"wp:attachment":[{"href":"https:\/\/gevelridder.nl\/de\/wp-json\/wp\/v2\/media?parent=157720"}],"wp:term":[{"taxonomy":"product_brand","embeddable":true,"href":"https:\/\/gevelridder.nl\/de\/wp-json\/wp\/v2\/product_brand?post=157720"},{"taxonomy":"product_cat","embeddable":true,"href":"https:\/\/gevelridder.nl\/de\/wp-json\/wp\/v2\/product_cat?post=157720"},{"taxonomy":"product_tag","embeddable":true,"href":"https:\/\/gevelridder.nl\/de\/wp-json\/wp\/v2\/product_tag?post=157720"}],"curies":[{"name":"wp","href":"https:\/\/api.w.org\/{rel}","templated":true}]}}

<h2>Elevall 180 ProControl</h2>
<p style="text-align: left;">Immer häufiger werden Gebäude höher und zugleich kompakter geplant. Genau dafür eignet sich der Elevall 180 Basis mit Ballastrahmen ideal.</p>
<p><strong data-start="47" data-end="71"><span style="color: #5bbc3a;">✔</span> Mit Ballastrahmen.</strong></p>
<div class="text-base my-auto mx-auto [--thread-content-margin:var(--thread-content-margin-xs,calc(var(--spacing)*4))] @w-sm/main:[--thread-content-margin:var(--thread-content-margin-sm,calc(var(--spacing)*6))] @w-lg/main:[--thread-content-margin:var(--thread-content-margin-lg,calc(var(--spacing)*16))] px-(--thread-content-margin)">
<div class="[--thread-content-max-width:40rem] @w-lg/main:[--thread-content-max-width:48rem] mx-auto max-w-(--thread-content-max-width) flex-1 group/turn-messages focus-visible:outline-hidden relative flex w-full min-w-0 flex-col agent-turn" data-conversation-screenshot-content="">
<div class="flex max-w-full flex-col gap-4 grow">
<div class="min-h-8 text-message relative flex w-full flex-col items-end gap-2 text-start break-words whitespace-normal outline-none keyboard-focused:focus-ring [.text-message+&amp;]:mt-1" dir="auto" data-message-author-role="assistant" data-message-id="fa997ba0-4489-4c0b-b6a7-e56833b5dab9" data-message-model-slug="gpt-5-6-thinking">
<div class="flex w-full flex-col gap-1 empty:hidden">
<div class="fbskMG_root markdown prose dark:prose-invert wrap-break-word w-full light markdown-new-styling">
<p data-start="73" data-end="128"><strong data-start="73" data-end="128"><span style="color: #5bbc3a;">✔</span> Funkfernbedienung sowie kabelgebundene Bedienung.</strong></p>
<p data-start="130" data-end="183"><strong data-start="130" data-end="183"><span style="color: #5bbc3a;">✔</span> Frequenzumrichter für besonders präzises Heben.</strong></p>
<p data-start="185" data-end="203"><strong data-start="185" data-end="203"><span style="color: #5bbc3a;">✔</span> Seilführung.</strong></p>
<p data-start="205" data-end="261"><strong data-start="205" data-end="261"><span style="color: #5bbc3a;">✔</span> Als Ballast wird das 3-Fache der Hublast benötigt.</strong></p>
<p data-start="263" data-end="333"><strong data-start="263" data-end="333"><span style="color: #5bbc3a;">✔</span> Alternativ zum Ballast kann das Gerät mit Ankern fixiert werden.</strong></p>
<p data-start="335" data-end="372"><strong data-start="335" data-end="372"><span style="color: #5bbc3a;">✔</span> Schnell und einfach aufzubauen.</strong></p>
<p data-start="374" data-end="404"><strong data-start="374" data-end="404"><span style="color: #5bbc3a;">✔</span> Bis zu 60 Meter Hubhöhe.</strong></p>
<p data-start="406" data-end="423"><strong data-start="406" data-end="423"><span style="color: #5bbc3a;">✔</span> WLL 180 kg.</strong></p>
<p data-start="425" data-end="471"><strong data-start="425" data-end="471"><span style="color: #5bbc3a;">✔</span> Maximale Auslegerlänge ab Säule: 181 cm.</strong></p>
<p data-start="473" data-end="533"><strong data-start="473" data-end="533"><span style="color: #5bbc3a;">✔</span> Maximale Ausladung über die Balustrade hinaus: 126 cm.</strong></p>
<p data-start="535" data-end="576"><strong data-start="535" data-end="576"><span style="color: #5bbc3a;">✔</span>✔ In unserem Showroom zu besichtigen.</strong></p>
<p data-start="578" data-end="601"><strong data-start="578" data-end="601"><span style="color: #5bbc3a;">✔</span> Sofort lieferbar.</strong></p>
<p data-start="603" data-end="660"><strong data-start="603" data-end="660"><span style="color: #5bbc3a;">✔ </span>CE-konform, KIWA ISO 9001, TÜV SÜD und AWS geprüft.</strong></p>
<p data-start="662" data-end="710"><strong data-start="662" data-end="710">♠ Basis-Set mit Ballastrahmen, ohne Ballast!</strong></p>
<p data-start="712" data-end="769"><strong data-start="712" data-end="769">♠ Zusätzlich erforderlich: 34 Ballastplatten à 16 kg.</strong></p>
<p data-start="771" data-end="839"><strong data-start="771" data-end="839">♠ Alternative Ballastierung: 16 Betonfüße (Bauzaunfüße) à 36 kg.</strong></p>
<p data-start="841" data-end="895" data-is-last-node="" data-is-only-node=""><strong data-start="841" data-end="895" data-is-last-node="">♠ Alternative zum Ballast: Verankerung mit Ankern.</strong></p>
</div>
</div>
</div>
</div>
<div class="z-0 flex min-h-[46px] justify-start"></div>
</div>
</div>
<p style="text-align: left;">
Bei Hochhausprojekten geht es während der Bauphase häufig vor allem um effizientes Montieren und Stapeln. Doch was passiert später, wenn ein Fenster, eine Sonnenschutzanlage, ein Balustradenglas oder ein anderes großes Bauelement ausgetauscht werden muss? Dafür jedes Mal einen teuren Mobilkran zu mieten, ist oft weder wirtschaftlich noch praktisch.<br />
Hinzu kommt, dass für den Einsatz eines großen Krans häufig ganze Straßen gesperrt werden müssen. Das verursacht zusätzliche Kosten, führt zu Verkehrsbehinderungen und ist durch den hohen Kraftstoffverbrauch und die Emissionen auch aus ökologischer Sicht wenig attraktiv. Gerade in innerstädtischen Bereichen sind zudem oft aufwendige und kostspielige Genehmigungen erforderlich.<br />
Das Elevall Modell 2025 bietet hierfür eine kompakte und flexible Lösung. Neben einer kabellosen Funkfernbedienung verfügt die Maschine zusätzlich über eine kabelgebundene Fernbedienung. Außerdem ist der Elevall mit einem Frequenzumrichter ausgestattet, der besonders präzise und kontrollierte Bewegungen ermöglicht – ideal für die exakte Positionierung von Glas und anderen empfindlichen Bauelementen.<br />
Als offizieller Elevall-Händler für die Benelux-Länder und Germany bietet Gevelridder diese einzigartige und vielseitige Kranlösung an.</p>
<p>Bis zu einer Hubhöhe von 10 Metern kennen wir bereits die Lösungen von Gevelridder. Jetzt bietet Gevelridder auch eine einfache und sichere Lösung, um Lasten bis 180 kg auf eine Höhe von bis zu 60 Metern zu heben.<br />
Clever gelöst von Gevelridder.<br />
Gevelridder ist der offizielle Elevall-Händler für die Benelux-Länder.<br />
Sie möchten noch höher oder schwerere Lasten heben? Dann bieten wir Ihnen den Elevall 400 an.</p>

<p class="PDq2pG_selectionAnchorContainer" data-start="0" data-end="357">Mit dem <strong data-start="8" data-end="23">Elevall 180</strong> können Sie Lasten von bis zu <strong data-start="53" data-end="107">180 kg auf eine Höhe von beeindruckenden 60 Metern</strong> heben, ohne dafür einen teuren Mobilkran einsetzen zu müssen. Der Kran kann einfach und sicher <strong data-start="203" data-end="245">zwischen zwei Geschossdecken verspannt</strong> werden und eignet sich dadurch ideal für Arbeiten an hohen Gebäuden sowie an Orten mit begrenztem Platzangebot.</p>
<p data-start="359" data-end="475" data-is-last-node="" data-is-only-node="">Perfekt für die Montage und den Austausch von <strong data-start="405" data-end="474">Fenstern, Glas, Sonnenschutzanlagen und anderen Fassadenelementen</strong>.</p>
