
{"id":134188,"date":"2026-03-24T08:17:08","date_gmt":"2026-03-24T08:17:08","guid":{"rendered":"https:\/\/gevelridder.nl\/product\/transportkarre-malle-jantje\/"},"modified":"2026-04-06T15:02:52","modified_gmt":"2026-04-06T15:02:52","slug":"malle-jantje","status":"publish","type":"product","link":"https:\/\/gevelridder.nl\/de\/produkt\/malle-jantje\/","title":{"rendered":"Transportkarre Malle Jantje"},"content":{"rendered":"\n<h2 class=\"wp-block-heading\">Malle Jantje<\/h2>\n\n\n\n<figure class=\"wp-block-image\"><img decoding=\"async\" src=\"https:\/\/gevelridder.nl\/wp-content\/uploads\/2022\/08\/Malle-Jantje.jpg\" alt=\"mallejan\" class=\"wp-image-105861\"\/><\/figure>\n\n\n\n<p>Der Malle Jantje ist ein praktischer Rahmenwagen, den jeder Profi gerne benutzt. Malle Jantje transportiert Rahmen, Balken und Jalousien mit einem L\u00e4cheln zur Arbeit. Das Tagesma\u00df betr\u00e4gt 250 mm, so dass er f\u00fcr breite Rahmen mit Dreifachverglasung geeignet ist. Der Wagen ist 500 mm lang. Neben diesem Wagen kaufen unsere Kunden h\u00e4ufig auch&nbsp;<a href=\"https:\/\/gevelridder.nl\/product\/glaskar-250-platenwagen\/\">den Glaswagen<\/a>&nbsp;mit&nbsp;<a href=\"https:\/\/gevelridder.nl\/de\/product\/klemme-fuer-glaskar-1-0-stahl\/\">Klammern<\/a>. Der Wagen ist mit schwarzem\/anthrazitfarbenem Filz ausgestattet. Neben der psychosozialen Arbeitsbelastung ist die k\u00f6rperliche Belastung immer noch die Hauptursache f\u00fcr Berufskrankheiten und Fehlzeiten. Dies ist ein&nbsp;<a href=\"https:\/\/www.arboportaal.nl\/onderwerpen\/tillen-en-dragen\/documenten\/publicatie\/2018\/07\/01\/factsheet-fysieke-arbeidsbelasting-2018\">TNO-Faktenblatt<\/a>&nbsp;mit Zahlen vom Juni 2018. Machen Sie deshalb Gebrauch von den Hebehilfen von Gevelridder.<\/p>\n\n\n\n<h3 class=\"wp-block-heading\">Heben und Tragen, verwenden Sie Malle Jantje<\/h3>\n\n\n\n<p>Heben ist das Aufnehmen und Absetzen einer Last mit den H\u00e4nden, ohne sich selbst zu bewegen. Wenn Sie etwas im Gehen bewegen, w\u00e4hrend Sie heben, nennen wir das Tragen. Diese Tipps werden Ihnen helfen, gesundheitliche Probleme zu vermeiden.<\/p>\n\n\n\n<p>Welche Beschwerden k\u00f6nnen Sie bekommen? Das Heben und Tragen bei der Arbeit ist eine der Hauptursachen f\u00fcr&nbsp;<a href=\"https:\/\/www.fnv.nl\/werk-inkomen\/veilig-gezond-werken\/lichamelijke-belasting\/tillen-en-dragen\">k\u00f6rperliche Beschwerden<\/a>, wie Schmerzen im (unteren) R\u00fccken, in den Schultern, im Nacken, in den Knien und in den H\u00fcften. Sie k\u00f6nnen auch R\u00fcckenbeschwerden bekommen, wenn Sie Gegenst\u00e4nde gebeugt oder mit verdrehtem R\u00fccken heben.<\/p>\n\n\n\n<p>Damals gab es Fahrer, die nichts anderes taten, als alles, was schwer und lang war, mit einem Karren zu transportieren. Er wurde haupts\u00e4chlich f\u00fcr den Transport von B\u00e4umen verwendet. Das konnte zu einem S\u00e4gewerk sein, aber auch am Standort des S\u00e4gewerkes. Und was ist mit all den B\u00e4umen, die zu Holzschuhmachern und Holzschuhmacherinnen transportiert werden mussten. Der Mallejan kann \u00fcberall eingesetzt werden! Die Vorrichtung wird der L\u00e4nge nach quer durch den Baum getrieben, so dass das dickste Ende vorne liegt. Der Trick besteht nun darin, am Baum zu sehen, wo der Schwerpunkt liegt, so dass der Schwerpunkt des Baumes ungef\u00e4hr in der Mitte der Achse des Mallejans liegt.<\/p>\n","protected":false},"excerpt":{"rendered":"<div class=\"woocommerce-product-details__short-description\">\n<p>Malle Jantje ist ein Transportwagen f\u00fcr Fensterrahmen, Balken, Jalousien usw. Leicht zu transportieren in engen R\u00e4umen. Das Tagesma\u00df (Abstand zwischen den Kanten) betr\u00e4gt 24 cm. Also viel Platz f\u00fcr breite Fensterrahmen.<\/p>\n<\/div>\n","protected":false},"featured_media":131733,"template":"","meta":{"_acf_changed":false,"_seopress_robots_primary_cat":"none","_seopress_titles_title":"","_seopress_titles_desc":"","_seopress_robots_index":""},"product_brand":[],"product_cat":[915,934,935,931],"product_tag":[1673,1897,1672,1675,1013,1213,1353,1016,1049,1037,1475,1738],"class_list":{"0":"post-134188","1":"product","2":"type-product","3":"status-publish","4":"has-post-thumbnail","6":"product_cat-fassade-transportwagen","7":"product_cat-glaskar","8":"product_cat-rollwagen","9":"product_cat-transportwagen-de","10":"product_tag-allterraindolly","11":"product_tag-bouw","12":"product_tag-fensterrahmen-2","13":"product_tag-fensterrahmentrager","14":"product_tag-glas-de","15":"product_tag-glaser-de-2","16":"product_tag-glaser-de","17":"product_tag-glaskar-de","18":"product_tag-malle-jantje-de","19":"product_tag-rahmenwagen-de","20":"product_tag-rahmenwagen","21":"product_tag-verhuizen","22":"product_shipping_class-25-euro-de","24":"first","25":"instock","26":"featured","27":"taxable","28":"shipping-taxable","29":"purchasable","30":"product-type-simple"},"acf":[],"_links":{"self":[{"href":"https:\/\/gevelridder.nl\/de\/wp-json\/wp\/v2\/product\/134188","targetHints":{"allow":["GET"]}}],"collection":[{"href":"https:\/\/gevelridder.nl\/de\/wp-json\/wp\/v2\/product"}],"about":[{"href":"https:\/\/gevelridder.nl\/de\/wp-json\/wp\/v2\/types\/product"}],"wp:featuredmedia":[{"embeddable":true,"href":"https:\/\/gevelridder.nl\/de\/wp-json\/wp\/v2\/media\/131733"}],"wp:attachment":[{"href":"https:\/\/gevelridder.nl\/de\/wp-json\/wp\/v2\/media?parent=134188"}],"wp:term":[{"taxonomy":"product_brand","embeddable":true,"href":"https:\/\/gevelridder.nl\/de\/wp-json\/wp\/v2\/product_brand?post=134188"},{"taxonomy":"product_cat","embeddable":true,"href":"https:\/\/gevelridder.nl\/de\/wp-json\/wp\/v2\/product_cat?post=134188"},{"taxonomy":"product_tag","embeddable":true,"href":"https:\/\/gevelridder.nl\/de\/wp-json\/wp\/v2\/product_tag?post=134188"}],"curies":[{"name":"wp","href":"https:\/\/api.w.org\/{rel}","templated":true}]}}

<h2 class="wp-block-heading">Malle Jantje</h2>



<figure class="wp-block-image"><img decoding="async" src="https://gevelridder.nl/wp-content/uploads/2022/08/Malle-Jantje.jpg" alt="mallejan" class="wp-image-105861"/></figure>



<p>Der Malle Jantje ist ein praktischer Rahmenwagen, den jeder Profi gerne benutzt. Malle Jantje transportiert Rahmen, Balken und Jalousien mit einem Lächeln zur Arbeit. Das Tagesmaß beträgt 250 mm, so dass er für breite Rahmen mit Dreifachverglasung geeignet ist. Der Wagen ist 500 mm lang. Neben diesem Wagen kaufen unsere Kunden häufig auch&nbsp;<a href="https://gevelridder.nl/product/glaskar-250-platenwagen/">den Glaswagen</a>&nbsp;mit&nbsp;<a href="https://gevelridder.nl/de/product/klemme-fuer-glaskar-1-0-stahl/">Klammern</a>. Der Wagen ist mit schwarzem/anthrazitfarbenem Filz ausgestattet. Neben der psychosozialen Arbeitsbelastung ist die körperliche Belastung immer noch die Hauptursache für Berufskrankheiten und Fehlzeiten. Dies ist ein&nbsp;<a href="https://www.arboportaal.nl/onderwerpen/tillen-en-dragen/documenten/publicatie/2018/07/01/factsheet-fysieke-arbeidsbelasting-2018">TNO-Faktenblatt</a>&nbsp;mit Zahlen vom Juni 2018. Machen Sie deshalb Gebrauch von den Hebehilfen von Gevelridder.</p>



<h3 class="wp-block-heading">Heben und Tragen, verwenden Sie Malle Jantje</h3>



<p>Heben ist das Aufnehmen und Absetzen einer Last mit den Händen, ohne sich selbst zu bewegen. Wenn Sie etwas im Gehen bewegen, während Sie heben, nennen wir das Tragen. Diese Tipps werden Ihnen helfen, gesundheitliche Probleme zu vermeiden.</p>



<p>Welche Beschwerden können Sie bekommen? Das Heben und Tragen bei der Arbeit ist eine der Hauptursachen für&nbsp;<a href="https://www.fnv.nl/werk-inkomen/veilig-gezond-werken/lichamelijke-belasting/tillen-en-dragen">körperliche Beschwerden</a>, wie Schmerzen im (unteren) Rücken, in den Schultern, im Nacken, in den Knien und in den Hüften. Sie können auch Rückenbeschwerden bekommen, wenn Sie Gegenstände gebeugt oder mit verdrehtem Rücken heben.</p>



<p>Damals gab es Fahrer, die nichts anderes taten, als alles, was schwer und lang war, mit einem Karren zu transportieren. Er wurde hauptsächlich für den Transport von Bäumen verwendet. Das konnte zu einem Sägewerk sein, aber auch am Standort des Sägewerkes. Und was ist mit all den Bäumen, die zu Holzschuhmachern und Holzschuhmacherinnen transportiert werden mussten. Der Mallejan kann überall eingesetzt werden! Die Vorrichtung wird der Länge nach quer durch den Baum getrieben, so dass das dickste Ende vorne liegt. Der Trick besteht nun darin, am Baum zu sehen, wo der Schwerpunkt liegt, so dass der Schwerpunkt des Baumes ungefähr in der Mitte der Achse des Mallejans liegt.</p>

<div class="woocommerce-product-details__short-description">
<p>Malle Jantje ist ein Transportwagen für Fensterrahmen, Balken, Jalousien usw. Leicht zu transportieren in engen Räumen. Das Tagesmaß (Abstand zwischen den Kanten) beträgt 24 cm. Also viel Platz für breite Fensterrahmen.</p>
</div>
